p be (-2)/(-3) + x/21. What is the greatest common factor of 12 and p?
12
Let r = 30 - 25. Suppose -t = 5*m - r*t - 117, -t = -5*m + 108. What is the greatest common divisor of m and 21?
21
Let s(a) be the second derivative of -4*a**4/3 + a**2/2 - a. Let w be s(1). Let p be (w/(-9))/(2/42). What is the highest common factor of 14 and p?
7
Let l = 28 + -26. Let v be ((0 - l) + -2)*-1. Suppose v*o = -t + 84, -48 = -3*o + 3*t - 0*t. Calculate the greatest common factor of o and 4.
4
Suppose 7*a - 237 - 92 = 0. Calculate the greatest common divisor of 235 and a.
47
Let x = 663 - 582. What is the highest common factor of 117 and x?
9
Let c = 0 + 7. Let s(f) = -32*f**2 - 2*f + 1. Let b be s(2). Let a = 187 + b. What is the greatest common divisor of c and a?
7
Let k be 4 - 27/6*-2. Let g be -5*4*(-9 - 4). Suppose -6*u + 52 = -g. What is the highest common factor of u and k?
13
Suppose 3*m - 61 = -52. Let n(w) = -4*w + 2. Let x be n(-4). Calculate the highest common divisor of m and x.
3
Let f(b) = b**3 - 27*b**2 + b - 11. Let h be f(27). Suppose -7*v = -142 + h. What is the greatest common divisor of 144 and v?
18
Let j(p) = 22*p - 104. Let s be j(12). What is the highest common divisor of 40 and s?
40
Let n be (46/8 - 0) + 411/(-548). What is the highest common divisor of n and 25?
5
Let m(t) = 9*t**2 - 5*t - 2 - 1 + t**2. Let z be m(-3). Let i = z - 69. What is the highest common factor of i and 99?
33
Let o = -68 + 71. Suppose 2*m - 29 = a, -m - 2*a - a - o = 0. Suppose 0 = -t - 39 + 171. Calculate the greatest common factor of t and m.
12
Let s(r) = -8*r - 35. Let m = 8 - 15. Let k be s(m). Calculate the greatest common divisor of k and 63.
21
Let u(r) = r**3 + 6*r**2 - 3*r - 3. Let d be u(-6). Let t be (-4)/(-18) - ((-6116)/99 + 2). Calculate the greatest common factor of t and d.
15
Let s = -730 - -736. What is the greatest common divisor of 438 and s?
6
Let j be (3 - 2) + 2*14. Suppose -359 = 4*n - 1027. Let u = 312 - n. What is the highest common factor of u and j?
29
Let c(h) = 53*h**2 - 4*h - 2. Let m be c(-1). What is the highest common divisor of 33 and m?
11
Suppose 67*b + 968 = 71*b. What is the highest common factor of 33 and b?
11
Suppose -4*f = -0 + 16, 4*l - 624 = -5*f. Suppose 0 = 2*y - 3*u - 58, 4*y - 8*y - u + 88 = 0. Calculate the highest common divisor of l and y.
23
Suppose 0*b = 3*b - 195. Let h be (2/1)/(-1 + 13/11). Suppose -h*o + 52 = -7*o. Calculate the greatest common factor of b and o.
13
Let x = -24 + 45. Let g be (-270)/x*84/(-9). Suppose -g = -3*v - 18. What is the greatest common divisor of 306 and v?
34
Let z be (-16)/6*3/(-2). Calculate the highest common factor of 2 and z.
2
Let b = 77 - 71. Suppose -b*v = 8*v - 56. Calculate the highest common factor of 24 and v.
4
Suppose 5*q = 10*o - 6*o + 1, -2*q = -10. Let d be (-176)/(-20) + 2/10. What is the greatest common divisor of o and d?
3
Suppose -3*l + 135 = l + 3*j, 3*l = 4*j + 120. Calculate the highest common factor of l and 36.
36
Let s = -34 - -37. Suppose -s*j + 8*j - 88 = 3*g, 3*j = g + 52. Calculate the greatest common divisor of 17 and j.
17
Let w = -13 - -10. Let f be ((-82)/8)/(w/(-4) - 1). Calculate the greatest common factor of 287 and f.
41
Let m be 3*(832/(-24))/(-8). Calculate the highest common factor of 117 and m.
13
Let r be 12/(-10)*(-1430)/(-33). Let b = 137 + r. What is the greatest common divisor of 34 and b?
17
Suppose -3*p = -0*p - 24. Let c(a) = -a**2 - 9*a + 46. Let v be c(-6). What is the greatest common divisor of v and p?
8
Let y = 49 + -27. Let a(w) = -3*w + 19. Let c = -25 + 13. Let g be a(c). Calculate the greatest common factor of y and g.
11
Suppose 3*w = 4*h + 40, -5*w + 4*w + 4*h = 0. What is the highest common divisor of w and 460?
20
Suppose -r + 131 = 2*o - 17, -o - 3 = 0. What is the highest common divisor of 14 and r?
14
Suppose -4*i - 3*t = -5*t - 426, -537 = -5*i + 4*t. Let o be (-2)/(-10) - (-7 - i/(-25)). What is the greatest common divisor of 9 and o?
3
Let n be (-2)/20 + 10854/540. What is the greatest common divisor of n and 15?
5
Let a = -41 - -86. Suppose 0 = 5*o - 2*f - 32, 3*o + 5*f - 19 = -o. Suppose -12 - o = -2*j. What is the greatest common factor of a and j?
9
Suppose 5*i + 20 - 6 = -3*d, 10 = -3*i - d. Let x be 30 - (i + 4)/(-2). Suppose -4*y = -y - x. What is the greatest common factor of y and 1?
1
Let j = 2226 + -926. Calculate the greatest common divisor of j and 52.
52
Suppose f = 2*f + 3*y - 25, 3*y - 55 = -4*f. Let s = f + 55. What is the greatest common factor of s and 5?
5
Suppose 7*h = 34 + 22. Suppose 12*l - 544 = h*l. Calculate the greatest common divisor of 17 and l.
17
Suppose -56*r + 51*r + 110 = 0. Calculate the highest common factor of 33 and r.
11
Let l(o) = -8*o**2 - 1. Let j be l(1). Let h = 20 - 22. Let y = h - j. Calculate the greatest common divisor of y and 21.
7
Suppose 0 = -4*l + 4, 46*u - 3*l - 127 = 44*u. What is the greatest common divisor of u and 585?
65
Suppose -2 + 10 = -8*g. Let t = 6 - g. Calculate the highest common factor of t and 7.
7
Let q(v) = v**3 - 9*v**2 + 28*v - 12. Let f be q(9). What is the greatest common factor of 24 and f?
24
Let t(j) = 3*j - 19. Let c be t(8). Suppose 0 = -c*a - 11*a + 144. Calculate the greatest common factor of a and 72.
9
Suppose -2*x + 71 = -x + 2*r, -2*r = 5*x - 347. Let q be -5*3/(-5) + x/1. Calculate the greatest common divisor of q and 8.
8
Let w be ((-18)/12)/(3/(-10)). Let d(t) = -t + 7. Let p be d(w). Suppose p*x + 96 = 5*x. Calculate the greatest common factor of x and 8.
8
Suppose -144 = -16*d + 12*d. Let h be 3969/d + 1/(-4). Suppose -25 - 11 = -3*v - 3*k, -12 = -2*v + 4*k. Calculate the greatest common divisor of v and h.
10
Suppose -3*l + l - 3*f + 192 = 0, -2*l = f - 184. Let z be 9/l + (-518)/(-20). Calculate the highest common factor of 286 and z.
26
Suppose -4*k = o - 1, 5*o + 17 = -0*k + 2*k. Let w(y) = 6*y**2 - 1 - 1 + 1 + y**3 + 3*y + 5. Let q be w(o). Calculate the greatest common divisor of 154 and q.
22
Suppose z + 56 = 5*z + 2*p, 42 = 3*z - 3*p. Let k = z - 13. Calculate the greatest common divisor of k and 4.
1
Let d = -2577 - -2777. What is the greatest common factor of 280 and d?
40
Let i(x) = 20*x. Let b be i(7). Let q = 84 - 64. What is the greatest common divisor of q and b?
20
Let t be (4/12 + (-5)/6)*0. Suppose -6*f + 3*f + 12 = t. Calculate the greatest common divisor of 20 and f.
4
Let a be 2/4 - 35/(-2). Let w be (2 - 40/25) + 1824/(-10). Let m = -56 - w. Calculate the highest common factor of a and m.
18
Suppose -2*h - 3*z + 32 = 0, -7*h - z + 14 = -6*h. Let w = h + 18. What is the greatest common divisor of w and 252?
28
Let z(k) = -44*k**3 - 53*k - 106. Let h be z(-2). Let q be (-11)/(1/4*-1). What is the greatest common factor of h and q?
44
Let r(f) = -9*f**2 - 22*f - 1. Let a be r(-1). What is the highest common factor of 156 and a?
12
Suppose -8*t - 20 = -4*t. Let a(m) = -m + 1. Let z be a(-2). Let f be (-4)/((-1)/(z - t)). What is the greatest common factor of f and 4?
4
Let l be (24/15)/(1/10). Suppose 5*w - 161 = -j, -j + 16*w - 14*w + 182 = 0. What is the highest common divisor of l and j?
16
Suppose -v = -2*i - 40, -95 = -0*v - 4*v - 5*i. Let z be 90/(7 + 8) + (-48)/(-2). Calculate the greatest common factor of v and z.
30
Let d(m) = 2*m**2 + m - 4. Let b be d(4). Let k(l) = -l**3 + 13*l**2 + 48*l + 16. Let r be k(16). What is the greatest common divisor of r and b?
16
Suppose -3*v + 3 = 0, 2*q - v - 304 = 3*v. What is the highest common factor of q and 1001?
77
Suppose -3*j + 5*n + 41 - 292 = 0, -5*j = -n + 411. Let d = j + 112. Calculate the greatest common factor of 6 and d.
6
Let k(j) = 2*j**3 + 2*j**2 + 13*j + 7. Let c(v) = v**3 + v**2 - 1. Let q(o) = -3*c(o) + k(o). Let g be q(-6). Calculate the highest common factor of 16 and g.
16
Suppose 5*a + 181 = 4*r - 2*r, -5*a - 191 = 3*r. Let g = a + 142. Let p be ((-42)/9)/((-4)/18). What is the greatest common factor of p and g?
21
Let p be 16/(-24) - 38/6. Let w(h) = h**2 - h + 21. Let s be w(p). Calculate the greatest common divisor of 11 and s.
11
Let t(o) = -o**2 + 13*o - 14. Let x be t(10). Let f(i) = 8*i + i - x + 10. Let c be f(5). What is the highest common factor of 13 and c?
13
Let l(w) = w**3 - 15*w**2 - 32*w - 31. Let n be l